se 8
-65417433
Convert -247243 (base 8) to base 5.
-10220132
What is 61d7c (base 14) in base 9?
388528
What is -122233 (base 4) in base 3?
-2100101
What is -4ad83 (base 14) in base 2?
-101100110111010111
-44e7c (base 16) to base 13
-9b606
24582138 (base 9) to base 3
211122202011022
Convert 1ab3491 (base 12) to base 3.
101202000021101
1000011100100011 (base 2) to base 10
34595
What is 6003520 (base 8) in base 16?
180750
12202200000 (base 3) to base 7
651564
-110112110212021 (base 3) to base 13
-14c3563
4b1da (base 14) to base 4
230332230
Convert 12554435 (base 6) to base 5.
101412024
1224b9 (base 12) to base 3
112221221120
78191 (base 10) to base 8
230557
Convert -2101232 (base 9) to base 12.
-46196b
b6d33 (base 14) to base 8
1536441
-33031243 (base 5) to base 2
-1000101001010111011
Convert -166852 (base 16) to base 5.
-333442443
Convert 34216143 (base 7) to base 12.
bb8216
-41553325 (base 6) to base 5
-302300113
b4120 (base 15) to base 4
2023110012
21f3c9 (base 16) to base 2
1000011111001111001001
Convert -10021200212 (base 3) to base 15.
-1425b
-3fd4d (base 16) to base 14
-6b3d3
Convert -1200206 (base 9) to base 10.
-649707
-13102022313 (base 4) to base 11
-1094647
4144441 (base 6) to base 3
101012012021
What is 3657375 (base 8) in base 9?
1804745
What is 26b23 (base 16) in base 8?
465443
-115461546 (base 7) to base 5
-3324240340
-5143765 (base 8) to base 16
-14c7f5
What is 80a981 (base 11) in base 15?
1ab09b
What is -31ab6 (base 13) in base 14?
-249a7
What is -21210001302 (base 4) in base 14?
-49381c
What is -56556 (base 11) in base 14?
-21b8d
90462 (base 13) to base 2
111110111100001101
4255388 (base 9) to base 12
91b98b
What is -200414 (base 6) in base 7?
-63535
427062 (base 8) to base 5
14033043
-bc961e (base 15) to base 13
-1b2b046
What is 10000110100 (base 2) in base 14?
56c
Convert -1221301110 (base 4) to base 14.
-b3c56
Convert -43617 (base 10) to base 12.
-212a9
What is -3c798 (base 14) in base 7?
-1162251
What is -10000111011011011001 (base 2) in base 11?
-349845
What is -11000001101001001010 (base 2) in base 13?
-21a036
-3050712 (base 8) to base 9
-1460447
-898302 (base 10) to base 16
-db4fe
Convert 108410 (base 12) to base 6.
5350420
What is -10d2a5 (base 15) in base 12?
-32923b
Convert 2447335 (base 8) to base 7.
5512350
b4b8b8 (base 12) to base 8
12653514
What is -1862f2 (base 16) in base 15?
-218814
Convert 10000001010000101010 (base 2) to base 6.
15203054
Convert 223220112 (base 5) to base 9.
1771568
995449 (base 11) to base 14
2d4c28
What is -1511664 (base 7) in base 8?
-617740
-4644a (base 12) to base 13
-339b8
42a49 (base 14) to base 16
27599
What is 10110001011110000011 (base 2) in base 8?
2613603
Convert 3887570 (base 11) to base 15.
8ce213
What is -684c8b (base 14) in base 3?
-20200020120011
35e96d (base 15) to base 16
276094
What is 20300163 (base 7) in base 2?
110011110011101000001
What is -3137721 (base 10) in base 2?
-1011111110000010111001
Convert 303125130 (base 6) to base 3.
100202200210000
Convert 1d658 (base 14) to base 15.
174cc
What is -306613 (base 9) in base 2?
-101100011100000011
-332489 (base 10) to base 15
-687ae
103525 (base 14) to base 10
547069
Convert -110110110100101001 (base 2) to base 6.
-4451333
-151b7 (base 15) to base 4
-100210321
1410211210 (base 5) to base 11
203a37a
-131331665 (base 7) to base 5
-4123131022
-12145161 (base 7) to base 3
-2001020011110
What is 211410505 (base 6) in base 10?
3718409
150453350 (base 6) to base 11
183a392
What is 13220 (base 8) in base 5?
141101
Convert -11322022323 (base 4) to base 12.
-6284a3
Convert 3444010 (base 6) to base 7.
1335255
baef (base 16) to base 3
2102122102
What is 46648 (base 12) in base 8?
270030
12021122010 (base 3) to base 5
11311410
Convert 171bc9a (base 13) to base 6.
424201023
What is -20256432 (base 7) in base 12?
-698a86
32137641 (base 9) to base 11
8824537
-10646a (base 13) to base 3
-201120110010
Convert 63439 (base 10) to base 11.
43732
-3815671 (base 9) to base 7
-23441524
-403041 (base 6) to base 4
-13300201
What is -3598 (base 10) in base 3?
-11221021
Convert -73061 (base 11) to base 2.
-11010000000110011
-111222211021 (base 3) to base 11
-178a35
What is 147a9bc (base 15) in base 12?
4b675b0
What is -111fa9 (base 16) in base 12?
-461521
361631 (base 9) to base 13
78166
-10a063 (base 11) to base 10
-174430
-22153766 (base 8) to base 7
-55402004
535052 (base 6) to base 13
16c85
What is -1215243221 (base 6) in base 16?
-d5309d
What is -32220001310 (base 4) in base 12?
-134a898
What is 1001001012121 (base 3) in base 6?
15455324
Convert 3617758 (base 10) to base 8.
15631736
Convert -172505 (base 9) to base 4.
-122011130
12031210 (base 5) to base 2
11011001101000110
-23aaa1 (base 15) to base 6
-100325424
1651275 (base 9) to base 16
e07cb
Convert -110110001000011011 (base 2) to base 13.
-79bc8
Convert -a7a620 (base 12) to base 2.
-1010000111010111111000
What is 146755 (base 8) in base 10?
52717
What is 1050122 (base 8) in base 10?
282706
Convert -2102212212110 (base 3) to base 16.
-13c99b
Convert -100000010101110001 (base 2) to base 16.
-20571
What is 479771 (base 10) in base 12?
1b178b
14594a (base 13) to base 5
111414410
Convert -88471b (base 14) to base 2.
-10001101000011111010101
Convert 414686 (base 9) to base 10.
246237
Convert -100584 (base 11) to base 12.
-79730
Convert -c0bb70 (base 15) to base 5.
-4320332310
236232 (base 7) to base 8
123764
-129a679 (base 12) to base 13
-9c1b66
879586 (base 13) to base 3
20000010020011
-1011122001 (base 3) to base 14
-8591
-13030333 (base 4) to base 8
-71477
1110110111010111011 (base 2) to base 14
c972b
Convert -1112412514 (base 6) to base 8.
-56314776
-400133422 (base 5) to base 13
-42b905
-1185148 (base 9) to base 14
-12b9a4
-4143341 (base 8) to base 2
-100001100011011100001
Convert -b52c12 (base 13) to base 2.
-10000001001100011111001
Convert 1304101 (base 7) to base 11.
106384
11203331110 (base 4) to base 6
51130004
What is 313001013022 (base 4) in base 6?
1233042414
Convert -13342141 (base 6) to base 13.
-129436
Convert -1415333 (base 6) to base 3.
-11002002210
-b40835 (base 13) to base 7
-50461333
-140176 (base 11) to base 6
-4413403
What is 2120021201100 (base 3) in base 2?
101001100111100101000
What is -288740 (base 10) in base 12?
-11b118
Convert -2911 (base 12) to base 5.
-123030
What is -126d7 (base 15) in base 2?
-1110011000101111
What is -439c2b (base 14) in base 5?
-1041344011
Convert -1395900 (base 12) to base 4.
-32333033100
Convert 20201121202 (base 3) to base 10.
132401
Convert -1001203 (base 6) to base 2.
-1011011101100011
-12333232102 (base 4) to base 7
-21405400
Convert -373b7 (base 14) to base 16.
-21025
1ada5 (base 15) to base 6
1512515
Convert 1cda6d (base 14) to base 8.
3750401
3355454 (base 6) to base 16
29c1a
Convert -2634616 (base 7) to base 12.
-1477ba
-2e6df3 (base 16) to base 12
-1028a6b
1752756 (base 11) to base 15
3dba48
122230121 (base 4) to base 8
325431
-278327 (base 12) to base 6
-22030051
-17203730 (base 9) to base 15
-b55390
4c92e (base 15) to base 13
87716
-40350 (base 8) to base 7
-66305
What is 5657317 (base 8) in base 5?
343002344
What is -1234846 (base 9) in base 7?
-5501412
What is -1212303001 (base 4) in base 6?
-13005201
What is 5aeb1 (base 15) in base 4?
1012312033
2000012122 (base 3) to base 16
9a5e
Convert -10100001100101011000 (base 2) to base 5.
-132134343
-383224 (base 12) to base 6
-31401244
408063 (base 12) to base 10
1009227
3807d (base 16) to base 13
805cc
267401 (base 8) to base 11
64652
6199e7 (base 15) to base 3
22201201012001
Convert 1010111001010101010000 (base 2) to base 11.
1680a61
What is -37419 (base 14) in base 15?
-2a128
Convert -313775 (base 10) to base 16.
-4c9af
5c8968 (base 16) to base 7
102355503
-5745b (base 14) to base 5
-23242103
Convert -500143 (base 7) to base 6.
-1445231
107612 (base 9) to base 8
176211
80194 (base 14) to base 8
1130706
1015533220 (base 6) to base 10
10634412
Convert 12264276 (base 9) to base 15.
7d9a5c
What is 17008095 (base 10) in base 6?
1404313103
Convert 11a3188 (base 12) to base 13.
939308
240350014 (base 6) to base 2
10001001100110001111010
1202211 (base 4) to base 12
3799
Convert 76420 (base 12) to base 14.
40c76
What is -3244134410 (base 5) in base 10?
-7021230
What is 362685 (base 9) in b